[INFO] cloning repository https://github.com/DavidZabaleta/crowdfunding-solana-backend
[INFO] running `Command { std: "git" "-c" "credential.helper=" "-c" "credential.helper=/workspace/cargo-home/bin/git-credential-null" "clone" "--bare" "https://github.com/DavidZabaleta/crowdfunding-solana-backend" "/workspace/cache/git-repos/https%3A%2F%2Fgithub.com%2FDavidZabaleta%2Fcrowdfunding-solana-backend", kill_on_drop: false }`
[INFO] [stderr] Cloning into bare repository '/workspace/cache/git-repos/https%3A%2F%2Fgithub.com%2FDavidZabaleta%2Fcrowdfunding-solana-backend'...
[INFO] running `Command { std: "git" "rev-parse" "HEAD", kill_on_drop: false }`
[INFO] [stdout] ff5b0271b1c17a69e6189de729279dbec1c3d89f
[INFO] checking DavidZabaleta/crowdfunding-solana-backend against master#9610dfe5a9a731ced1ea4923ecbd0c57fe367898 for beta-170-4
[INFO] running `Command { std: "git" "clone" "/workspace/cache/git-repos/https%3A%2F%2Fgithub.com%2FDavidZabaleta%2Fcrowdfunding-solana-backend" "/workspace/builds/worker-4-tc1/source", kill_on_drop: false }`
[INFO] [stderr] Cloning into '/workspace/builds/worker-4-tc1/source'...
[INFO] [stderr] done.
[INFO] validating manifest of git repo https://github.com/DavidZabaleta/crowdfunding-solana-backend on toolchain 9610dfe5a9a731ced1ea4923ecbd0c57fe367898
[INFO] running `Command { std: CARGO_HOME="/workspace/cargo-home" RUSTUP_HOME="/workspace/rustup-home" "/workspace/cargo-home/bin/cargo" "+9610dfe5a9a731ced1ea4923ecbd0c57fe367898" "metadata" "--manifest-path" "Cargo.toml" "--no-deps", kill_on_drop: false }`
[INFO] started tweaking git repo https://github.com/DavidZabaleta/crowdfunding-solana-backend
[INFO] finished tweaking git repo https://github.com/DavidZabaleta/crowdfunding-solana-backend
[INFO] tweaked toml for git repo https://github.com/DavidZabaleta/crowdfunding-solana-backend written to /workspace/builds/worker-4-tc1/source/Cargo.toml
[INFO] crate git repo https://github.com/DavidZabaleta/crowdfunding-solana-backend already has a lockfile, it will not be regenerated
[INFO] running `Command { std: CARGO_HOME="/workspace/cargo-home" RUSTUP_HOME="/workspace/rustup-home" "/workspace/cargo-home/bin/cargo" "+9610dfe5a9a731ced1ea4923ecbd0c57fe367898" "fetch" "--manifest-path" "Cargo.toml", kill_on_drop: false }`
[INFO] running `Command { std: "docker" "create" "-v" "/var/lib/crater-agent-workspace/builds/worker-4-tc1/target:/opt/rustwide/target:rw,Z" "-v" "/var/lib/crater-agent-workspace/builds/worker-4-tc1/source:/opt/rustwide/workdir:ro,Z" "-v" "/var/lib/crater-agent-workspace/cargo-home:/opt/rustwide/cargo-home:ro,Z" "-v" "/var/lib/crater-agent-workspace/rustup-home:/opt/rustwide/rustup-home:ro,Z" "-e" "SOURCE_DIR=/opt/rustwide/workdir" "-e" "CARGO_TARGET_DIR=/opt/rustwide/target" "-e" "CARGO_HOME=/opt/rustwide/cargo-home" "-e" "RUSTUP_HOME=/opt/rustwide/rustup-home" "-w" "/opt/rustwide/workdir" "-m" "1610612736" "--user" "0:0" "--network" "none" "ghcr.io/rust-lang/crates-build-env/linux@sha256:19e73879b68f455e41552ea35293514db52ea292d993f571636dbffedb77a1ee" "/opt/rustwide/cargo-home/bin/cargo" "+9610dfe5a9a731ced1ea4923ecbd0c57fe367898" "metadata" "--no-deps" "--format-version=1", kill_on_drop: false }`
[INFO] [stdout] 5708c4c65be4378fd9849833c7eea1e22707e18f9b9e532082847968c74f26fb
[INFO] running `Command { std: "docker" "start" "-a" "5708c4c65be4378fd9849833c7eea1e22707e18f9b9e532082847968c74f26fb", kill_on_drop: false }`
[INFO] running `Command { std: "docker" "inspect" "5708c4c65be4378fd9849833c7eea1e22707e18f9b9e532082847968c74f26fb", kill_on_drop: false }`
[INFO] running `Command { std: "docker" "rm" "-f" "5708c4c65be4378fd9849833c7eea1e22707e18f9b9e532082847968c74f26fb", kill_on_drop: false }`
[INFO] [stdout] 5708c4c65be4378fd9849833c7eea1e22707e18f9b9e532082847968c74f26fb
[INFO] running `Command { std: "docker" "create" "-v" "/var/lib/crater-agent-workspace/builds/worker-4-tc1/target:/opt/rustwide/target:rw,Z" "-v" "/var/lib/crater-agent-workspace/builds/worker-4-tc1/source:/opt/rustwide/workdir:ro,Z" "-v" "/var/lib/crater-agent-workspace/cargo-home:/opt/rustwide/cargo-home:ro,Z" "-v" "/var/lib/crater-agent-workspace/rustup-home:/opt/rustwide/rustup-home:ro,Z" "-e" "SOURCE_DIR=/opt/rustwide/workdir" "-e" "CARGO_TARGET_DIR=/opt/rustwide/target" "-e" "CARGO_INCREMENTAL=0" "-e" "RUST_BACKTRACE=full" "-e" "RUSTFLAGS=--cap-lints=forbid" "-e" "RUSTDOCFLAGS=--cap-lints=forbid" "-e" "CARGO_HOME=/opt/rustwide/cargo-home" "-e" "RUSTUP_HOME=/opt/rustwide/rustup-home" "-w" "/opt/rustwide/workdir" "-m" "1610612736" "--user" "0:0" "--network" "none" "ghcr.io/rust-lang/crates-build-env/linux@sha256:19e73879b68f455e41552ea35293514db52ea292d993f571636dbffedb77a1ee" "/opt/rustwide/cargo-home/bin/cargo" "+9610dfe5a9a731ced1ea4923ecbd0c57fe367898" "check" "--frozen" "--all" "--all-targets" "--message-format=json", kill_on_drop: false }`
[INFO] [stdout] 4a229e4e7a52c7cfa493799483cd0bfd8fb1e614bdb540dc32bf51bcbb31f9e7
[INFO] running `Command { std: "docker" "start" "-a" "4a229e4e7a52c7cfa493799483cd0bfd8fb1e614bdb540dc32bf51bcbb31f9e7", kill_on_drop: false }`
[INFO] [stderr]    Compiling proc-macro2 v1.0.40
[INFO] [stderr]    Compiling quote v1.0.20
[INFO] [stderr]    Compiling unicode-ident v1.0.1
[INFO] [stderr]    Compiling syn v1.0.98
[INFO] [stderr]    Compiling serde_derive v1.0.137
[INFO] [stderr]    Compiling serde v1.0.137
[INFO] [stderr]    Compiling version_check v0.9.4
[INFO] [stderr]    Compiling typenum v1.15.0
[INFO] [stderr]    Compiling libc v0.2.126
[INFO] [stderr]     Checking cfg-if v1.0.0
[INFO] [stderr]    Compiling block-padding v0.2.1
[INFO] [stderr]    Compiling serde_json v1.0.81
[INFO] [stderr]    Compiling anyhow v1.0.58
[INFO] [stderr]    Compiling memchr v2.5.0
[INFO] [stderr]    Compiling semver v1.0.10
[INFO] [stderr]    Compiling generic-array v0.14.5
[INFO] [stderr]    Compiling proc-macro2-diagnostics v0.9.1
[INFO] [stderr]    Compiling unicode-segmentation v1.9.0
[INFO] [stderr]    Compiling opaque-debug v0.3.0
[INFO] [stderr]    Compiling yansi v0.5.1
[INFO] [stderr]    Compiling ryu v1.0.10
[INFO] [stderr]    Compiling cpufeatures v0.2.2
[INFO] [stderr]    Compiling itoa v1.0.2
[INFO] [stderr]    Compiling crunchy v0.2.2
[INFO] [stderr]    Compiling log v0.4.17
[INFO] [stderr]    Compiling heck v0.3.3
[INFO] [stderr]    Compiling bs58 v0.3.1
[INFO] [stderr]    Compiling rustc_version v0.4.0
[INFO] [stderr]     Checking subtle v2.4.1
[INFO] [stderr]    Compiling getrandom v0.1.16
[INFO] [stderr]    Compiling wasm-bindgen-shared v0.2.81
[INFO] [stderr]    Compiling ahash v0.7.6
[INFO] [stderr]    Compiling bumpalo v3.10.0
[INFO] [stderr]     Checking regex-syntax v0.6.26
[INFO] [stderr]     Checking aho-corasick v0.7.18
[INFO] [stderr]    Compiling rustversion v1.0.7
[INFO] [stderr]    Compiling lazy_static v1.4.0
[INFO] [stderr]     Checking rand_core v0.5.1
[INFO] [stderr]    Compiling feature-probe v0.1.1
[INFO] [stderr]    Compiling solana-frozen-abi-macro v1.9.29
[INFO] [stderr]     Checking getrandom v0.2.7
[INFO] [stderr]    Compiling bv v0.11.1
[INFO] [stderr]     Checking atty v0.2.14
[INFO] [stderr]     Checking once_cell v1.12.0
[INFO] [stderr]     Checking humantime v2.1.0
[INFO] [stderr]     Checking ppv-lite86 v0.2.16
[INFO] [stderr]    Compiling autocfg v1.1.0
[INFO] [stderr]     Checking termcolor v1.1.3
[INFO] [stderr]    Compiling cc v1.0.73
[INFO] [stderr]    Compiling solana-frozen-abi v1.9.29
[INFO] [stderr]     Checking rand_chacha v0.2.2
[INFO] [stderr]    Compiling wasm-bindgen v0.2.81
[INFO] [stderr]    Compiling num-traits v0.2.15
[INFO] [stderr]    Compiling bs58 v0.4.0
[INFO] [stderr]     Checking arrayref v0.3.6
[INFO] [stderr]     Checking rand v0.7.3
[INFO] [stderr]     Checking hashbrown v0.11.2
[INFO] [stderr]    Compiling solana-program v1.9.29
[INFO] [stderr]     Checking regex v1.5.6
[INFO] [stderr]     Checking memmap2 v0.5.4
[INFO] [stderr]     Checking either v1.6.1
[INFO] [stderr]     Checking byteorder v1.4.3
[INFO] [stderr]    Compiling blake3 v1.3.1
[INFO] [stderr]     Checking zeroize v1.3.0
[INFO] [stderr]     Checking keccak v0.1.2
[INFO] [stderr]     Checking base64 v0.12.3
[INFO] [stderr]     Checking constant_time_eq v0.1.5
[INFO] [stderr]     Checking arrayvec v0.7.2
[INFO] [stderr]     Checking itertools v0.10.3
[INFO] [stderr]     Checking env_logger v0.9.0
[INFO] [stderr]     Checking base64 v0.13.0
[INFO] [stderr]     Checking solana-logger v1.9.29
[INFO] [stderr]     Checking bitflags v1.3.2
[INFO] [stderr]    Compiling wasm-bindgen-backend v0.2.81
[INFO] [stderr]    Compiling borsh-derive-internal v0.9.3
[INFO] [stderr]    Compiling borsh-schema-derive-internal v0.9.3
[INFO] [stderr]    Compiling wasm-bindgen-macro-support v0.2.81
[INFO] [stderr]    Compiling thiserror-impl v1.0.31
[INFO] [stderr]    Compiling bytemuck_derive v1.1.0
[INFO] [stderr]    Compiling solana-sdk-macro v1.9.29
[INFO] [stderr]    Compiling num-derive v0.3.3
[INFO] [stderr]    Compiling wasm-bindgen-macro v0.2.81
[INFO] [stderr]     Checking bytemuck v1.9.1
[INFO] [stderr]    Compiling thiserror v1.0.31
[INFO] [stderr]     Checking bincode v1.3.3
[INFO] [stderr]     Checking serde_bytes v0.11.6
[INFO] [stderr]    Compiling toml v0.5.9
[INFO] [stderr]     Checking digest v0.9.0
[INFO] [stderr]     Checking block-buffer v0.9.0
[INFO] [stderr]     Checking crypto-mac v0.8.0
[INFO] [stderr]     Checking crypto-common v0.1.3
[INFO] [stderr]     Checking block-buffer v0.10.2
[INFO] [stderr]     Checking digest v0.10.3
[INFO] [stderr]     Checking sha2 v0.9.9
[INFO] [stderr]     Checking hmac v0.8.1
[INFO] [stderr]     Checking libsecp256k1-core v0.2.2
[INFO] [stderr]     Checking hmac-drbg v0.3.0
[INFO] [stderr]     Checking curve25519-dalek v3.2.1
[INFO] [stderr]     Checking sha3 v0.9.1
[INFO] [stderr]    Compiling proc-macro-crate v0.1.5
[INFO] [stderr]    Compiling anchor-syn v0.24.2
[INFO] [stderr]    Compiling borsh-derive v0.9.3
[INFO] [stderr]    Compiling libsecp256k1-gen-ecmult v0.2.1
[INFO] [stderr]    Compiling libsecp256k1-gen-genmult v0.2.1
[INFO] [stderr]    Compiling libsecp256k1 v0.6.0
[INFO] [stderr]     Checking borsh v0.9.3
[INFO] [stderr]    Compiling anchor-attribute-error v0.24.2
[INFO] [stderr]    Compiling anchor-attribute-constant v0.24.2
[INFO] [stderr]    Compiling anchor-attribute-account v0.24.2
[INFO] [stderr]    Compiling anchor-attribute-interface v0.24.2
[INFO] [stderr]    Compiling anchor-attribute-access-control v0.24.2
[INFO] [stderr]    Compiling anchor-derive-accounts v0.24.2
[INFO] [stderr]    Compiling anchor-attribute-event v0.24.2
[INFO] [stderr]    Compiling anchor-attribute-state v0.24.2
[INFO] [stderr]    Compiling anchor-attribute-program v0.24.2
[INFO] [stderr]     Checking anchor-lang v0.24.2
[INFO] [stderr]     Checking crowfunding-solana v0.1.0 (/opt/rustwide/workdir/programs/crowfunding-solana)
[INFO] [stdout] error: pubkey array is not 32 bytes long: len=0
[INFO] [stdout]  --> programs/crowfunding-solana/src/lib.rs:3:13
[INFO] [stdout]   |
[INFO] [stdout] 3 | declare_id!("");
[INFO] [stdout]   |             ^^
[INFO] [stdout] 
[INFO] [stdout] 
[INFO] [stdout] error: pubkey array is not 32 bytes long: len=0
[INFO] [stdout]  --> programs/crowfunding-solana/src/lib.rs:3:13
[INFO] [stdout]   |
[INFO] [stdout] 3 | declare_id!("");
[INFO] [stdout]   |             ^^
[INFO] [stdout] 
[INFO] [stdout] 
[INFO] [stdout] error[E0425]: cannot find value `ID` in this scope
[INFO] [stdout]  --> programs/crowfunding-solana/src/lib.rs:5:1
[INFO] [stdout]   |
[INFO] [stdout] 5 | #[program]
[INFO] [stdout]   | ^^^^^^^^^^ not found in this scope
[INFO] [stdout]   |
[INFO] [stdout]   = note: this error originates in the attribute macro `program` (in Nightly builds, run with -Z macro-backtrace for more info)
[INFO] [stdout] help: consider importing this static
[INFO] [stdout]   |
[INFO] [stdout] 1 + use anchor_lang::system_program::ID;
[INFO] [stdout]   |
[INFO] [stdout] 
[INFO] [stdout] 
[INFO] [stdout] error[E0425]: cannot find value `ID` in this scope
[INFO] [stdout]  --> programs/crowfunding-solana/src/lib.rs:5:1
[INFO] [stdout]   |
[INFO] [stdout] 5 | #[program]
[INFO] [stdout]   | ^^^^^^^^^^ not found in this scope
[INFO] [stdout]   |
[INFO] [stdout]   = help: consider importing this static:
[INFO] [stdout]           anchor_lang::system_program::ID
[INFO] [stdout]   = note: this error originates in the attribute macro `program` (in Nightly builds, run with -Z macro-backtrace for more info)
[INFO] [stdout] 
[INFO] [stdout] 
[INFO] [stdout] error[E0425]: cannot find value `ID` in the crate root
[INFO] [stdout]   --> programs/crowfunding-solana/src/lib.rs:71:1
[INFO] [stdout]    |
[INFO] [stdout] 71 | #[account]
[INFO] [stdout]    | ^^^^^^^^^^ not found in the crate root
[INFO] [stdout]    |
[INFO] [stdout]    = note: this error originates in the attribute macro `account` (in Nightly builds, run with -Z macro-backtrace for more info)
[INFO] [stdout] help: consider importing this static
[INFO] [stdout]    |
[INFO] [stdout] 1  + use anchor_lang::system_program::ID;
[INFO] [stdout]    |
[INFO] [stdout] 
[INFO] [stdout] 
[INFO] [stdout] error[E0425]: cannot find value `ID` in this scope
[INFO] [stdout]  --> programs/crowfunding-solana/src/lib.rs:5:1
[INFO] [stdout]   |
[INFO] [stdout] 5 | #[program]
[INFO] [stdout]   | ^^^^^^^^^^ not found in this scope
[INFO] [stdout]   |
[INFO] [stdout]   = note: this error originates in the attribute macro `program` (in Nightly builds, run with -Z macro-backtrace for more info)
[INFO] [stdout] help: consider importing this static
[INFO] [stdout]   |
[INFO] [stdout] 1 + use anchor_lang::system_program::ID;
[INFO] [stdout]   |
[INFO] [stdout] 
[INFO] [stdout] 
[INFO] [stdout] error[E0425]: cannot find value `ID` in this scope
[INFO] [stdout]  --> programs/crowfunding-solana/src/lib.rs:5:1
[INFO] [stdout]   |
[INFO] [stdout] 5 | #[program]
[INFO] [stdout]   | ^^^^^^^^^^ not found in this scope
[INFO] [stdout]   |
[INFO] [stdout]   = help: consider importing this static:
[INFO] [stdout]           anchor_lang::system_program::ID
[INFO] [stdout]   = note: this error originates in the attribute macro `program` (in Nightly builds, run with -Z macro-backtrace for more info)
[INFO] [stdout] 
[INFO] [stdout] 
[INFO] [stdout] error[E0425]: cannot find value `ID` in the crate root
[INFO] [stdout]   --> programs/crowfunding-solana/src/lib.rs:71:1
[INFO] [stdout]    |
[INFO] [stdout] 71 | #[account]
[INFO] [stdout]    | ^^^^^^^^^^ not found in the crate root
[INFO] [stdout]    |
[INFO] [stdout]    = note: this error originates in the attribute macro `account` (in Nightly builds, run with -Z macro-backtrace for more info)
[INFO] [stdout] help: consider importing this static
[INFO] [stdout]    |
[INFO] [stdout] 1  + use anchor_lang::system_program::ID;
[INFO] [stdout]    |
[INFO] [stdout] 
[INFO] [stdout] 
[INFO] [stdout] error: aborting due to 4 previous errors
[INFO] [stdout] 
[INFO] [stdout] 
[INFO] [stdout] For more information about this error, try `rustc --explain E0425`.
[INFO] [stdout] 
[INFO] [stderr] error: could not compile `crowfunding-solana` (lib) due to 5 previous errors
[INFO] [stderr] warning: build failed, waiting for other jobs to finish...
[INFO] [stdout] error: aborting due to 4 previous errors
[INFO] [stdout] 
[INFO] [stdout] 
[INFO] [stdout] For more information about this error, try `rustc --explain E0425`.
[INFO] [stdout] 
[INFO] [stderr] error: could not compile `crowfunding-solana` (lib test) due to 5 previous errors
[INFO] running `Command { std: "docker" "inspect" "4a229e4e7a52c7cfa493799483cd0bfd8fb1e614bdb540dc32bf51bcbb31f9e7", kill_on_drop: false }`
[INFO] running `Command { std: "docker" "rm" "-f" "4a229e4e7a52c7cfa493799483cd0bfd8fb1e614bdb540dc32bf51bcbb31f9e7", kill_on_drop: false }`
[INFO] [stdout] 4a229e4e7a52c7cfa493799483cd0bfd8fb1e614bdb540dc32bf51bcbb31f9e7
